ed by 10?
0
What is the remainder when 499 is divided by 101?
95
Calculate the remainder when 178 is divided by 49.
31
What is the remainder when 175 is divided by 46?
37
Calculate the remainder when 3612 is divided by 278.
276
What is the remainder when 151 is divided by 28?
11
What is the remainder when 631 is divided by 159?
154
What is the remainder when 242 is divided by 78?
8
Calculate the remainder when 320 is divided by 167.
153
Calculate the remainder when 2852 is divided by 70.
52
Calculate the remainder when 462 is divided by 8.
6
What is the remainder when 33 is divided by 9?
6
Calculate the remainder when 128 is divided by 33.
29
What is the remainder when 12480 is divided by 55?
50
What is the remainder when 28082 is divided by 33?
32
What is the remainder when 422 is divided by 86?
78
Calculate the remainder when 140 is divided by 72.
68
Calculate the remainder when 292 is divided by 151.
141
Calculate the remainder when 162 is divided by 82.
80
What is the remainder when 3645 is divided by 1212?
9
Calculate the remainder when 9109 is divided by 35.
9
What is the remainder when 1577 is divided by 113?
108
Calculate the remainder when 592 is divided by 30.
22
Calculate the remainder when 59 is divided by 12.
11
What is the remainder when 1242 is divided by 76?
26
Calculate the remainder when 289 is divided by 4.
1
Calculate the remainder when 974 is divided by 320.
14
Calculate the remainder when 166 is divided by 163.
3
What is the remainder when 38 is divided by 9?
2
Calculate the remainder when 294 is divided by 33.
30
What is the remainder when 632 is divided by 43?
30
Calculate the remainder when 233 is divided by 56.
9
Calculate the remainder when 12478 is divided by 158.
154
Calculate the remainder when 49 is divided by 10.
9
What is the remainder when 1299 is divided by 4?
3
What is the remainder when 187 is divided by 19?
16
What is the remainder when 131 is divided by 70?
61
What is the remainder when 485 is divided by 11?
1
Calculate the remainder when 341 is divided by 172.
169
What is the remainder when 613 is divided by 196?
25
Calculate the remainder when 266 is divided by 21.
14
What is the remainder when 349 is divided by 25?
24
Calculate the remainder when 15100 is divided by 42.
22
What is the remainder when 1536 is divided by 129?
117
What is the remainder when 423 is divided by 17?
15
Calculate the remainder when 6416 is divided by 321.
317
What is the remainder when 879 is divided by 149?
134
Calculate the remainder when 162 is divided by 32.
2
What is the remainder when 169 is divided by 17?
16
Calculate the remainder when 2136 is divided by 49.
29
Calculate the remainder when 201 is divided by 46.
17
Calculate the remainder when 49 is divided by 17.
15
Calculate the remainder when 1182 is divided by 109.
92
What is the remainder when 413 is divided by 26?
23
Calculate the remainder when 143 is divided by 53.
37
Calculate the remainder when 56 is divided by 29.
27
What is the remainder when 10857 is divided by 178?
177
Calculate the remainder when 85 is divided by 15.
10
What is the remainder when 147 is divided by 64?
19
Calculate the remainder when 59 is divided by 7.
3
What is the remainder when 3768 is divided by 32?
24
Calculate the remainder when 5670 is divided by 31.
28
Calculate the remainder when 635 is divided by 306.
23
Calculate the remainder when 268 is divided by 65.
8
Calculate the remainder when 77 is divided by 26.
25
Calculate the remainder when 71 is divided by 36.
35
What is the remainder when 178 is divided by 30?
28
What is the remainder when 35 is divided by 16?
3
Calculate the remainder when 157 is divided by 45.
22
What is the remainder when 94 is divided by 19?
18
Calculate the remainder when 1376 is divided by 15.
11
What is the remainder when 90 is divided by 79?
11
What is the remainder when 51 is divided by 35?
16
Calculate the remainder when 73 is divided by 26.
21
Calculate the remainder when 2879 is divided by 1435.
9
Calculate the remainder when 346 is divided by 55.
16
Calculate the remainder when 63 is divided by 22.
19
Calculate the remainder when 384 is divided by 65.
59
Calculate the remainder when 55 is divided by 28.
27
What is the remainder when 161 is divided by 56?
49
Calculate the remainder when 653 is divided by 72.
5
What is the remainder when 89 is divided by 38?
13
What is the remainder when 25 is divided by 1?
0
Calculate the remainder when 4030 is divided by 84.
82
Calculate the remainder when 288 is divided by 275.
13
Calculate the remainder when 1308 is divided by 28.
20
What is the remainder when 430 is divided by 54?
52
What is the remainder when 83 is divided by 39?
5
What is the remainder when 62 is divided by 23?
16
Calculate the remainder when 1146 is divided by 50.
46
Calculate the remainder when 684 is divided by 83.
20
What is the remainder when 12301 is divided by 23?
19
Calculate the remainder when 4315 is divided by 34.
31
Calculate the remainder when 61 is divided by 26.
9
What is the remainder when 422 is divided by 14?
2
What is the remainder when 354 is divided by 155?
44
What is the remainder when 296 is divided by 99?
98
Calculate the remainder when 188 is divided by 142.
46
What is the remainder when 1374 is divided by 51?
48
What is the remainder when 146 is divided by 39?
29
What is the remainder when 86 is divided by 15?
11
What is the remainder when 498 is divided by 20?
18
What is the remainder when 491 is divided by 26?
23
Calculate the remainder when 1363 is divided by 62.
61
What is the remainder when 147 is divided by 47?
6
What is the remainder when 13353 is divided by 36?
33
What is the remainder when 88 is divided by 38?
12
Calculate the remainder when 396 is divided by 58.
48
What is the remainder when 3099 is divided by 141?
138
Calculate the remainder when 449 is divided by 75.
74
Calculate the remainder when 112 is divided by 84.
28
Calculate the remainder when 516 is divided by 134.
114
Calculate the remainder when 436 is divided by 121.
73
What is the remainder when 104 is divided by 30?
14
Calculate the remainder when 1502 is divided by 52.
46
What is the remainder when 105 is divided by 69?
36
What is the remainder when 590 is divided by 201?
188
What is the remainder when 31 is divided by 18?
13
What is the remainder when 3258 is divided by 1078?
24
What is the remainder when 1057 is divided by 62?
3
What is the remainder when 519 is divided by 237?
45
What is the remainder when 6362 is divided by 101?
100
What is the remainder when 796 is divided by 6?
4
What is the remainder when 18940 is divided by 41?
39
Calculate the remainder when 414 is divided by 152.
110
What is the remainder when 1185 is divided by 4?
1
Calculate the remainder when 882 is divided by 12.
6
What is the remainder when 760 is divided by 253?
1
What is the remainder when 613 is divided by 44?
41
Calculate the remainder when 1470 is divided by 78.
66
What is the remainder when 139 is divided by 73?
66
Calculate the remainder when 151 is divided by 40.
31
Calculate the remainder when 1298 is divided by 49.
24
What is the remainder when 628 is divided by 63?
61
Calculate the remainder when 5235 is divided by 250.
235
What is the remainder when 593 is divided by 9?
8
Calculate the remainder when 115 is divided by 30.
25
What is the remainder when 162 is divided by 15?
12
What is the remainder when 966 is divided by 206?
142
Calculate the remainder when 1590 is divided by 92.
26
Calculate the remainder when 542 is divided by 91.
87
What is the remainder when 1365 is divided by 333?
33
Calculate the remainder when 484 is divided by 93.
19
What is the remainder when 195 is divided by 68?
59
What is the remainder when 190 is divided by 60?
10
What is the remainder when 241 is divided by 53?
29
Calculate the remainder when 498 is divided by 137.
87
What is the remainder when 43 is divided by 2?
1
What is the remainder when 18299 is divided by 339?
332
What is the remainder when 2507 is divided by 31?
27
What is the remainder when 132 is divided by 17?
13
Calculate the remainder when 654 is divided by 9.
6
What is the remainder when 20109 is divided by 6?
3
What is the remainder when 314 is divided by 45?
44
What is the remainder when 136 is divide